e 4, what is -313 - -33000?
32021
In base 5, what is -20 - -214010?
213440
In base 2, what is 1001 + 10110101001011011?
10110101001100100
In base 14, what is 1 - 26d0?
-26cd
In base 6, what is 42 + 3534?
4020
In base 2, what is -101100011110 + -11001?
-101100110111
In base 5, what is -20 - 23010422?
-23010442
In base 6, what is 10034545 - -2?
10034551
In base 11, what is -655 - 133?
-788
In base 11, what is -2a4a6 + 2?
-2a4a4
In base 11, what is 3916 + 14?
392a
In base 10, what is -245 - 1805?
-2050
In base 13, what is 25 - -3c9c4?
3ca19
In base 6, what is -5135 - 2435?
-12014
In base 14, what is 2 - -318d2?
318d4
In base 8, what is 424677 - 1?
424676
In base 5, what is -2241440 - 4?
-2241444
In base 3, what is 100 - -122221022?
122221122
In base 13, what is -2c878 + -5?
-2c880
In base 6, what is 11 + 331440?
331451
In base 8, what is 121 + 4243?
4364
In base 7, what is -2 + 5205?
5203
In base 15, what is -4 - 168dc?
-168e1
In base 4, what is -31 - 2003?
-2100
In base 8, what is 4 - -1623067?
1623073
In base 14, what is -25b - 89?
-306
In base 5, what is 11311 - -12103?
23414
In base 4, what is 220133 - -10?
220203
In base 15, what is -43 - b28?
-b6b
In base 12, what is -12258 + 8?
-12250
In base 11, what is 97a99 - -6?
97aa4
In base 9, what is 28100 - 25?
28064
In base 13, what is 56 + 1658?
16b1
In base 9, what is -145637 - -2?
-145635
In base 6, what is -3004043 - -3?
-3004040
In base 15, what is -4be7 - -5?
-4be2
In base 11, what is -3 + -56a944?
-56a947
In base 6, what is -105 + 32?
-33
In base 3, what is -12110200 - 20?
-12110220
In base 7, what is -43 - -3013?
2640
In base 6, what is -3 + 155005?
155002
In base 13, what is -3b727 + -5?
-3b72c
In base 4, what is -30120 + -20222?
-111002
In base 7, what is -11 - -463041?
463030
In base 9, what is -5 + 235025?
235020
In base 9, what is -374254 - 4?
-374258
In base 5, what is -2100 - -11444?
4344
In base 7, what is -5 + -36514?
-36522
In base 5, what is 2 + -1132434?
-1132432
In base 12, what is 1490 - -170?
1640
In base 8, what is -15451 + 4?
-15445
In base 5, what is -1100424 + -10?
-1100434
In base 10, what is 426373 - -3?
426376
In base 14, what is 4 - -2498?
249c
In base 4, what is -103 - 113101?
-113210
In base 14, what is 13b60 - 12?
13b4c
In base 15, what is 1c488 - 5?
1c483
In base 8, what is -7 + 55137?
55130
In base 13, what is -8 - 5a220?
-5a228
In base 15, what is 11d9ea - -2?
11d9ec
In base 9, what is 18 + -738?
-720
In base 7, what is 2 + -3436?
-3434
In base 4, what is -130 - 21210?
-22000
In base 13, what is 7985 - -2?
7987
In base 11, what is -351035 + -5?
-35103a
In base 8, what is -5 + 2131035?
2131030
In base 15, what is -2555 - 1e0?
-2745
In base 15, what is 45 + -1e0?
-19a
In base 4, what is -121 - -1003003?
1002222
In base 5, what is -24 + -41442?
-42021
In base 12, what is 38a64 - 6?
38a5a
In base 11, what is 22a + -122?
108
In base 13, what is -685 + b?
-677
In base 4, what is 103113 - -3101?
112220
In base 13, what is -33 + -861?
-894
In base 2, what is -101 - -10011101010110010?
10011101010101101
In base 6, what is 202 + 30412?
31014
In base 4, what is 3220 + 2130?
12010
In base 14, what is -3 - 48bac?
-48bb1
In base 13, what is -61 + 122?
91
In base 2, what is -10100 + 1000100000110?
1000011110010
In base 8, what is -5 - -555241?
555234
In base 3, what is 20110221 - 1211?
20102010
In base 6, what is -3 - -212150?
212143
In base 3, what is 212120 - 11000222?
-10011102
In base 16, what is b09bd - -2?
b09bf
In base 16, what is -44f + 3?
-44c
In base 8, what is 1420 - -11?
1431
In base 16, what is 1242 + 102?
1344
In base 16, what is -31d3 + -1?
-31d4
In base 8, what is 15774775 + 1?
15774776
In base 7, what is -4 + 62042?
62035
In base 15, what is 1 - -1a2e8?
1a2e9
In base 13, what is -1877 - -40?
-1837
In base 2, what is -1010001100 + -10001110010?
-11011111110
In base 16, what is -1 + -483db?
-483dc
In base 11, what is 2 + -a68?
-a66
In base 14, what is -1 - ac4?
-ac5
In base 12, what is -180 - -369?
1a9
In base 2, what is 1110110010001 - -1000?
1110110011001
In base 15, what is -55 - -20?
-35
In base 10, what is -5902 - 99?
-6001
In base 12, what is 94 + 303?
397
In base 8, what is 3 + 140637?
140642
In base 2, what is -10001001111011000100 + -1?
-10001001111011000101
In base 16, what is c11a + 1?
c11b
In base 5, what is -1014303 - -242?
-1014011
In base 2, what is 1000110110011111111 + 1?
1000110110100000000
In base 3, what is -1000001 + 11222?
-211002
In base 4, what is -2103113 + 230?
-2102223
In base 6, what is -1121115 - 43?
-1121202
In base 10, what is -6226 - 13?
-6239
In base 3, what is 1 + -12212101100?
-12212101022
In base 11, what is -2 - -3411?
340a
In base 14, what is 2936c3 + 2?
2936c5
In base 12, what is -1492b + 5?
-14926
In base 12, what is 19885 - 5?
19880
In base 12, what is 549038 + 3?
54903b
In base 5, what is -3141 - 2012?
-10203
In base 7, what is -525546 - 1?
-525550
In base 4, what is 2130 + -10033?
-1303
In base 11, what is 839 + -2346?
-1608
In base 8, what is 0 - 114074?
-114074
In base 13, what is 13032c - -4?
130333
In base 3, what is 12 + 1020210102021?
1020210102110
In base 9, what is 132526 + -73?
132443
In base 13, what is -16354b2 + -4?
-16354b6
In base 13, what is 23696 + 4?
2369a
In base 5, what is 21032 - -1240?
22322
In base 14, what is 3983 + 6?
3989
In base 10, what is 1 + 24756?
24757
In base 10, what is -84 + 2468?
2384
In base 10, what is 14 + -9084?
-9070
In base 4, what is 13111102 + -3?
13111033
In base 2, what is 101110 - -111110010?
1000100000
In base 12, what is -b62abb - -1?
-b62aba
In base 10, what is -4165 + -7?
-4172
In base 7, what is 0 + -43661?
-43661
In base 8, what is -4230 + -32?
-4262
In base 4, what is 11 + 301303210?
301303221
In base 10, what is 0 + 376775?
376775
In base 6, what is -155051 + -2?
-155053
In base 8, what is 51236 + 460?
51716
In base 2, what is 11 + -10011010011?
-10011010000
In base 4, what is 3120331 + 21?
3121012
In base 16, what is -c - -f5a0?
f594
In base 8, what is -7 - 115554?
-115563
In base 2, what is 11000011101 - -11101001?
11100000110
In base 14, what is -51d5 - c?
-5203
In base 9, what is -20 + -1507?
-1527
In base 5, what is 103433 - 143?
103240
In base 8, what is 517 + 50?
567
In base 2, what is -110111010 - 10110000?
-1001101010
In base 9, what is 311 - -347?
658
In base 4, what is 11 - 202312332?
-202312321
In base 3, what is 10 + 1200201211?
1200201221
In base 9, what is -4682 + 1147?
-3534
In base 15, what is 5079 - 89?
4ee0
In base 15, what is 98 - -c?
a5
In base 14, what is 3 + -8083?
-8080
In base 2, what is -110010111000010 - -1011?
-110010110110111
In base 4, what is -12320221013 - 1?
-12320221020
In base 10, what is 58 - -114?
172
In base 10, what is 295 - -93?
388
In base 13, what is 16 + 122ab?
122c4
In base 14, what is -157 + -10d7?
-1250
In base 8, what is 46 - -11154?
11222
In base 13, what is 87a + -4?
876
In base 11, what is -18242 - 15?
-18257
In base 13, what is 1b + -11765?
-11747
In base 4, what is -23002 + -202111?
-231113
In base 9, what is 5 + 1852?
1857
In base 9, what is 2757 + -22?
2735
In base 9, what is -874 + 1036?
52
In base 3, what is 10021122102 - -200?
10021200002
In base 7, what is 30 + -122465?
-122435
In base 4, what is -201 + -3101010?
-3101211
In base 14, what is 1 - 642b?
-642a
In base 15, what is 96c - 28?
944
In base 5, what is -1114 + 20400?
14231
In base 14, what is 2 - 2d86?
-2d84
In base 13, what is -9 - 819?
-825
In base 16, what is 2cb9 - 8?
2cb1
In base 16, what is -1f37 - -d?
-1f2a
In base 3, what is -10122 - 12122112?
-12210011
In base 13, what is 19 - 19b6c?
-19b53
In base 9, what is -1108 - 4?
-1113
In base 3, what is -2212 + -112021?
-122010
In base 2, what is -100000 + 1000000110110?
1000000010110
In base 3, what is 1120022010 + 202?
1120022212
In base 14, what is -5b58b + 2?
-5b589
In base 3, what is -11 - 111120021120?
-111120021201
In base 6, what is 3 - -14125302?
14125305
In base 3, what is -2222 - 1102?
-11101
In base 2, what is -11000011111100 + -1001?
-11000100000101
In base 11, what is -29 + -1893?
-1911
In base 8, what is 460 + 170?
650
In base 14, what is 1 + -62?
-61
In base 8, what is -443 + -2153?
-2616
In base 6, what is 32 + -12502?
-12430
In base 9, what is -2065676 + 2?
-2065674
In base 2, wh